{"id":636,"date":"2018-05-04T15:48:30","date_gmt":"2018-05-04T15:48:30","guid":{"rendered":"http:\/\/themes.webdevia.com\/backhoe-heavy-construction-equipment-rentals-machinery-wordpress-theme\/?page_id=636"},"modified":"2025-05-28T10:18:48","modified_gmt":"2025-05-28T13:18:48","slug":"home","status":"publish","type":"page","link":"https:\/\/zenimaquinas.com\/","title":{"rendered":"P\u00c1GINA INICIAL"},"content":{"rendered":"<div class=\"wd_empty_space\" data-heightmobile=\"40\" \r\n      data-heighttablet=\"70\" data-heightdesktop=\"1000\"\r\n      style=\"height: 1000px;\" >\r\n    <\/div>\r\n\r\n    <div class='wd_empty_space' data-heightmobile='0' data-heighttablet='0' data-heightdesktop='0'\r\n \t\t\t\t\t\tstyle='height:0px' ><\/div><div class=\"wd-heading text-left  \" style=\"max-width: 100%\" >\r\n\t\t\t\t\t\t\t\t<h5 style=\"font-weight:500;font-size:14px;color:#ff0000;text-transform:Uppercase;letter-spacing:1.4px;\" class=\"sub_title_b\" data-text=\"ZENI M\u00c1QUINAS\">\r\n\t\t\tZENI M\u00c1QUINAS\t\t\t<\/h5>\r\n\t\t\t\t\r\n\t\t<h2 style=\"margin:0;font-weight:800;\" class=\"title_b\">\r\n\t\tBEM VINDO A ZENI!\t\t<\/h2>\r\n\r\n\t\t\r\n\t\t<\/div>\r\n\t<div class='wd_empty_space' data-heightmobile='5' data-heighttablet='5' data-heightdesktop='5'\r\n\t\tstyle='height:5px' ><\/div>Na Zeni Tratores e Empilhadeiras somos especialistas na loca\u00e7\u00e3o de m\u00e1quinas industriais, como empilhadeiras, tratores, rebocadores e lavadoras de piso al\u00e9m de oferecer servi\u00e7os completos de manuten\u00e7\u00e3o. Nosso compromisso \u00e9 fornecer solu\u00e7\u00f5es eficientes e seguras para atender \u00e0s necessidades espec\u00edficas do seu neg\u00f3cio.<\/p>\n<p>&nbsp;<\/p>\n<p>Com uma ampla variedade de equipamentos e uma equipe t\u00e9cnica altamente qualificada, garantimos que voc\u00ea encontrar\u00e1 a solu\u00e7\u00e3o perfeita para suas opera\u00e7\u00f5es de transporte industriais. Nosso objetivo \u00e9 facilitar o seu trabalho, aumentando a produtividade e a seguran\u00e7a nas suas atividades.<\/p>\n<p>&nbsp;<\/p>\n<p>Acreditamos na import\u00e2ncia de um atendimento personalizado e, por isso, estamos sempre prontos para ouvir e entender suas necessidades. Seja para loca\u00e7\u00e3o de curto ou longo prazo, ou para servi\u00e7os de manuten\u00e7\u00e3o preventiva e corretiva, estamos aqui para oferecer o suporte necess\u00e1rio para que voc\u00ea possa focar no que realmente importa: o crescimento do seu neg\u00f3cio.<\/p>\n<p>&nbsp;<\/p>\n<p>Explore nosso site e descubra mais sobre nossos servi\u00e7os e equipamentos dispon\u00edveis. Se precisar de qualquer ajuda ou tiver alguma d\u00favida, n\u00e3o hesite em entrar em contato conosco. Estamos \u00e0 disposi\u00e7\u00e3o para fornecer todas as informa\u00e7\u00f5es que voc\u00ea precisa.<div class='wd_empty_space' data-heightmobile='50' data-heighttablet='50' data-heightdesktop='140'\r\n \t\t\t\t\t\tstyle='height:140px' ><\/div><div class=\"wd-heading text-left  \" style=\"max-width: 100%\" >\r\n\t\r\n\t\t\r\n\t\t<h2 style=\"margin:0;\" class=\"title_a\" data-text=\"Case Studies\">\r\n\t\tCase Studies\t\t<\/h2>\r\n\r\n\t\t\t\t\t\t\t<p style=\"\" class=\"sub_title_a\">\r\n\t\t\tCase Studies\t\t\t<\/p>\r\n\t\t\t\t<hr class='hr_a' style=' margin: 10px;'\/>\r\n\t\t<\/div>\r\n\t<div class='wd_empty_space' data-heightmobile='40' data-heighttablet='60' data-heightdesktop='60'\r\n\t\tstyle='height:60px' ><\/div><div class='wd_empty_space' data-heightmobile='50' data-heighttablet='50' data-heightdesktop='120'\r\n \t\t\t\t\t\tstyle='height:120px' ><\/div><div class=\"wd-heading text-left  \" style=\"max-width: 100%\" >\r\n\t\r\n\t\t\r\n\t\t<h2 style=\"margin:0;\" class=\"title_a\" data-text=\"QUALIDADE E EFICI\u00caNCIA\">\r\n\t\tNOSSOS SERVI\u00c7OS\t\t<\/h2>\r\n\r\n\t\t\t\t\t\t\t<p style=\"\" class=\"sub_title_a\">\r\n\t\t\tQUALIDADE E EFICI\u00caNCIA\t\t\t<\/p>\r\n\t\t\t\t<hr class='hr_a' style=' margin: 10px;'\/>\r\n\t\t<\/div>\r\n\t<div class='wd_empty_space' data-heightmobile='40' data-heighttablet='60' data-heightdesktop='60'\r\n\t\tstyle='height:60px' ><\/div>\r\n\t<div class=\" no-hover text-icon text-icon--icon-left_position boxes  clearfix\"  >\r\n\t\t<div class=\"text-icon__container   \">\r\n\t\t\r\n\t\t\t\t\t\t\t\t\t<div class=\"text-icon__icon-box \">\r\n\t\t\t\t\t\t\t\t\t\t\t<\/div>\r\n\t\t\t\t\t<div class=\"text-icon__content-box\"  >\r\n\t\t\t\t\t\t<h4 class=\"text-icon__title \">\r\n\t\t\t\t\t\t\t1. Vendas de M\u00e1quinas Industriais\t\t\t\t\t\t<\/h4>\r\n\t\t\t\t\t\t<p class=\"text-icon__text  \">\r\n\t\t\t\t\t\t\t\tDescubra nossa ampla sele\u00e7\u00e3o de empilhadeiras, tratores, rebocadores e lavadoras de piso, projetados para oferecer desempenho superior e confiabilidade em diversas aplica\u00e7\u00f5es industriais.\t\t\t\t\t\t<\/p>\r\n\t\t\t\t\t\t\t\t\t\t\t<\/div>\t\t\t\t\r\n\t\t\t\t\t\t<\/div>\r\n\t<\/div>\r\n\r\n\t\r\n\t<div class=\" vc_custom_1722458812595 no-hover text-icon text-icon--icon-left_position boxes  clearfix\"  >\r\n\t\t<div class=\"text-icon__container   \">\r\n\t\t\r\n\t\t\t\t\t\t\t\t\t<div class=\"text-icon__icon-box \">\r\n\t\t\t\t\t\t\t\t\t\t\t<\/div>\r\n\t\t\t\t\t<div class=\"text-icon__content-box\"  >\r\n\t\t\t\t\t\t<h4 class=\"text-icon__title \">\r\n\t\t\t\t\t\t\t2. Loca\u00e7\u00e3o de M\u00e1quinas Industriais\t\t\t\t\t\t<\/h4>\r\n\t\t\t\t\t\t<p class=\"text-icon__text  \">\r\n\t\t\t\t\t\t\t\tAproveite a flexibilidade e os benef\u00edcios econ\u00f4micos da loca\u00e7\u00e3o de m\u00e1quinas industriais. Atualize seus equipamentos com a mais recente tecnologia, sem custos iniciais elevados.\t\t\t\t\t\t<\/p>\r\n\t\t\t\t\t\t\t\t\t\t\t<\/div>\t\t\t\t\r\n\t\t\t\t\t\t<\/div>\r\n\t<\/div>\r\n\r\n\t\r\n\t<div class=\" vc_custom_1722456379950 no-hover text-icon text-icon--icon-left_position boxes  clearfix\"  >\r\n\t\t<div class=\"text-icon__container   \">\r\n\t\t\r\n\t\t\t\t\t\t\t\t\t<div class=\"text-icon__icon-box \">\r\n\t\t\t\t\t\t\t\t\t\t\t<\/div>\r\n\t\t\t\t\t<div class=\"text-icon__content-box\"  >\r\n\t\t\t\t\t\t<h4 class=\"text-icon__title \">\r\n\t\t\t\t\t\t\t3. Compra de M\u00e1quinas Usadas\t\t\t\t\t\t<\/h4>\r\n\t\t\t\t\t\t<p class=\"text-icon__text  \">\r\n\t\t\t\t\t\t\t\tTem m\u00e1quinas usadas para vender? Na Zeni, compramos seus equipamentos industriais usados, oferecendo uma avalia\u00e7\u00e3o justa e um processo de compra simplificado.\t\t\t\t\t\t<\/p>\r\n\t\t\t\t\t\t\t\t\t\t\t<\/div>\t\t\t\t\r\n\t\t\t\t\t\t<\/div>\r\n\t<\/div>\r\n\r\n\t\r\n\t<div class=\" vc_custom_1722455591082 no-hover text-icon text-icon--icon-left_position boxes  clearfix\"  >\r\n\t\t<div class=\"text-icon__container   \">\r\n\t\t\r\n\t\t\t\t\t\t\t\t\t<div class=\"text-icon__icon-box \">\r\n\t\t\t\t\t\t\t\t\t\t\t<\/div>\r\n\t\t\t\t\t<div class=\"text-icon__content-box\"  >\r\n\t\t\t\t\t\t<h4 class=\"text-icon__title \">\r\n\t\t\t\t\t\t\t4. Servi\u00e7os e Manuten\u00e7\u00e3o\t\t\t\t\t\t<\/h4>\r\n\t\t\t\t\t\t<p class=\"text-icon__text  \">\r\n\t\t\t\t\t\t\t\tGaranta a m\u00e1xima efici\u00eancia e seguran\u00e7a dos seus equipamentos com nossos servi\u00e7os completos de manuten\u00e7\u00e3o preventiva e corretiva. Nossa equipe especializada est\u00e1 pronta para manter suas opera\u00e7\u00f5es em pleno funcionamento.\t\t\t\t\t\t<\/p>\r\n\t\t\t\t\t\t\t\t\t\t\t<\/div>\t\t\t\t\r\n\t\t\t\t\t\t<\/div>\r\n\t<\/div>\r\n\r\n\t\r\n\t<div class=\" vc_custom_1737733646875 no-hover text-icon text-icon--icon-left_position boxes  clearfix\"  >\r\n\t\t<div class=\"text-icon__container   \">\r\n\t\t\r\n\t\t\t\t\t\t\t\t\t<div class=\"text-icon__icon-box \">\r\n\t\t\t\t\t\t\t\t\t\t\t<\/div>\r\n\t\t\t\t\t<div class=\"text-icon__content-box\"  >\r\n\t\t\t\t\t\t<h4 class=\"text-icon__title \">\r\n\t\t\t\t\t\t\t5. Pe\u00e7as para tratores e empilhadeiras\t\t\t\t\t\t<\/h4>\r\n\t\t\t\t\t\t<p class=\"text-icon__text  \">\r\n\t\t\t\t\t\t\t\tEncontre as melhores pe\u00e7as para tratores e empilhadeiras aqui na Zeni! Trabalhamos com produtos de alta qualidade e compatibilidade garantida para diversas marcas e modelos. Solu\u00e7\u00f5es confi\u00e1veis para manter suas m\u00e1quinas em pleno funcionamento.\t\t\t\t\t\t<\/p>\r\n\t\t\t\t\t\t\t\t\t\t\t<\/div>\t\t\t\t\r\n\t\t\t\t\t\t<\/div>\r\n\t<\/div>\r\n\r\n\t<div class='wd_empty_space' data-heightmobile='50' data-heighttablet='50' data-heightdesktop='100'\r\n \t\t\t\t\t\tstyle='height:100px' ><\/div><div class=\"wd-heading text-left  \" style=\"max-width: 100%\" >\r\n\t\r\n\t\t\r\n\t\t<h2 style=\"margin:0;\" class=\"title_a\" data-text=\"ZENI\">\r\n\t\tSOBRE N\u00d3S\t\t<\/h2>\r\n\r\n\t\t\t\t\t\t\t<p style=\"\" class=\"sub_title_a\">\r\n\t\t\tZENI\t\t\t<\/p>\r\n\t\t\t\t<hr class='hr_a' style=' margin: 10px;'\/>\r\n\t\t<\/div>\r\n\t<div class='wd_empty_space' data-heightmobile='20' data-heighttablet='20' data-heightdesktop='50'\r\n\t\tstyle='height:50px' ><\/div>\r\n\t<div class=\" border-shadow text-icon text-icon--icon-top_position boxes  clearfix\"  >\r\n\t\t<div class=\"text-icon__container  left \">\r\n\t\t\r\n\t\t\t\t\t\t\t\t\t<div class=\"text-icon__icon-box \">\r\n\t\t\t\t\t\t\t\t\t\t\t\t\t\t<img decoding=\"async\"  src=\"https:\/\/zenimaquinas.com\/wp-content\/uploads\/2024\/07\/study-icon-2.png\" alt='icon' \/>\r\n\t\t\t\t\t\t\t\t\t\t\t<\/div>\r\n\t\t\t\t\t<div class=\"text-icon__content-box\"  >\r\n\t\t\t\t\t\t<h4 class=\"text-icon__title \">\r\n\t\t\t\t\t\t\tPrecis\u00e3o\t\t\t\t\t\t<\/h4>\r\n\t\t\t\t\t\t<p class=\"text-icon__text  \">\r\n\t\t\t\t\t\t\t\tCompreendemos com precis\u00e3o as necessidades dos clientes, fornecermos equipamentos de movimenta\u00e7\u00e3o eficientes e econ\u00f4micos para diversos clientes em diferentes opera\u00e7\u00f5es.\t\t\t\t\t\t<\/p>\r\n\t\t\t\t\t\t\t\t\t\t\t<\/div>\t\t\t\t\r\n\t\t\t\t\t\t<\/div>\r\n\t<\/div>\r\n\r\n\t\r\n\t<div class=\" border-shadow text-icon text-icon--icon-top_position boxes  clearfix\"  >\r\n\t\t<div class=\"text-icon__container  left \">\r\n\t\t\r\n\t\t\t\t\t\t\t\t\t<div class=\"text-icon__icon-box \">\r\n\t\t\t\t\t\t\t\t\t\t\t\t\t\t<img decoding=\"async\"  src=\"https:\/\/zenimaquinas.com\/wp-content\/uploads\/2024\/07\/study-icon.png\" alt='icon' \/>\r\n\t\t\t\t\t\t\t\t\t\t\t<\/div>\r\n\t\t\t\t\t<div class=\"text-icon__content-box\"  >\r\n\t\t\t\t\t\t<h4 class=\"text-icon__title \">\r\n\t\t\t\t\t\t\tAvan\u00e7o e Inova\u00e7\u00e3o\t\t\t\t\t\t<\/h4>\r\n\t\t\t\t\t\t<p class=\"text-icon__text  \">\r\n\t\t\t\t\t\t\t\tEstamos sempre atualizados com as tend\u00eancias da ind\u00fastria, comprometidos com a ado\u00e7\u00e3o de novas tecnologias e m\u00e9todos.\t\t\t\t\t\t<\/p>\r\n\t\t\t\t\t\t\t\t\t\t\t<\/div>\t\t\t\t\r\n\t\t\t\t\t\t<\/div>\r\n\t<\/div>\r\n\r\n\t\r\n\t<div class=\" border-shadow text-icon text-icon--icon-top_position boxes  clearfix\"  >\r\n\t\t<div class=\"text-icon__container  left \">\r\n\t\t\r\n\t\t\t\t\t\t\t\t\t<div class=\"text-icon__icon-box \">\r\n\t\t\t\t\t\t\t\t\t\t\t\t\t\t<img decoding=\"async\"  src=\"https:\/\/zenimaquinas.com\/wp-content\/uploads\/2024\/07\/study-icon-3.png\" alt='icon' \/>\r\n\t\t\t\t\t\t\t\t\t\t\t<\/div>\r\n\t\t\t\t\t<div class=\"text-icon__content-box\"  >\r\n\t\t\t\t\t\t<h4 class=\"text-icon__title \">\r\n\t\t\t\t\t\t\tSem atrasos\t\t\t\t\t\t<\/h4>\r\n\t\t\t\t\t\t<p class=\"text-icon__text  \">\r\n\t\t\t\t\t\t\t\tNosso atendimento \u00e9 \u00e1gil e eficiente desde o primeiro contato. Respondemos rapidamente \u00e0s d\u00favidas e solicita\u00e7\u00f5es dos clientes e garantimos a entrega das melhores solu\u00e7\u00f5es com qualidade e no menor tempo poss\u00edvel. \t\t\t\t\t\t<\/p>\r\n\t\t\t\t\t\t\t\t\t\t\t<\/div>\t\t\t\t\r\n\t\t\t\t\t\t<\/div>\r\n\t<\/div>\r\n\r\n\t\t\t\t<div class=\"swiper wd-clients-carousel nav_arrow\" data-clientshow = \"5\">\r\n      <div class=\"swiper-wrapper\">\r\n\t  \t\t\t\t\t\t\t\t<div class=\"swiper-slide wd-clients-carousel-item \"  >\r\n\t\t\t\t\r\n\t\t\t\t\r\n\t\t\t\t\t<img decoding=\"async\"  class=\"\" src=\"https:\/\/zenimaquinas.com\/wp-content\/uploads\/2024\/07\/yanmar.png\" width=\"125\" height=\"50\"  alt=\"client\">\r\n\t\t\t\t<\/div>\r\n\t\t\t\t\t\t\t\t\t\t\t\t<div class=\"swiper-slide wd-clients-carousel-item \"  >\r\n\t\t\t\t\r\n\t\t\t\t\r\n\t\t\t\t\t<img decoding=\"async\"  class=\"\" src=\"https:\/\/zenimaquinas.com\/wp-content\/uploads\/2024\/07\/hyster.png\" width=\"125\" height=\"50\"  alt=\"client\">\r\n\t\t\t\t<\/div>\r\n\t\t\t\t\t\t\t\t\t\t\t\t<div class=\"swiper-slide wd-clients-carousel-item \"  >\r\n\t\t\t\t\r\n\t\t\t\t\r\n\t\t\t\t\t<img decoding=\"async\"  class=\"\" src=\"https:\/\/zenimaquinas.com\/wp-content\/uploads\/2024\/07\/hangcha.png\" width=\"125\" height=\"50\"  alt=\"client\">\r\n\t\t\t\t<\/div>\r\n\t\t\t\t\t\t\t\t\t\t\t\t<div class=\"swiper-slide wd-clients-carousel-item \"  >\r\n\t\t\t\t\r\n\t\t\t\t\r\n\t\t\t\t\t<img loading=\"lazy\" decoding=\"async\"  class=\"\" src=\"https:\/\/zenimaquinas.com\/wp-content\/uploads\/2024\/07\/massey.png\" width=\"125\" height=\"50\"  alt=\"client\">\r\n\t\t\t\t<\/div>\r\n\t\t\t\t\t\t\t\t\t\t\t\t<div class=\"swiper-slide wd-clients-carousel-item \"  >\r\n\t\t\t\t\r\n\t\t\t\t\r\n\t\t\t\t\t<img loading=\"lazy\" decoding=\"async\"  class=\"\" src=\"https:\/\/zenimaquinas.com\/wp-content\/uploads\/2024\/07\/valtra.png\" width=\"125\" height=\"50\"  alt=\"client\">\r\n\t\t\t\t<\/div>\r\n\t\t\t\t      <\/div>\r\n          <\/div>\r\n\r\n\t\t<div class=\"wd-count-up \"  >\r\n\t<img loading=\"lazy\" decoding=\"async\" width=\"62\" height=\"62\" src=\"https:\/\/zenimaquinas.com\/wp-content\/uploads\/2024\/07\/champion-2842_fcb453b6-d2d7-4d18-b67f-ecc793150b3f-copiar.png\" class=\"attachment-thumbnail size-thumbnail\" alt=\"\" \/>\t\t\t<h3 class=\"wd-count-up__counter small-heading\" data-file=\"15\" style = 'color: #ffffff'>\r\n\t\t15\t<\/h3>\r\n\t<h4 class=\"wd-count-up__title small-heading\" style = 'color: #ffffff'>Anos em Experi\u00eancia com loca\u00e7\u00e3o<\/h4>\r\n<\/div>\r\n\t<div class=\"wd-count-up \"  >\r\n\t<img loading=\"lazy\" decoding=\"async\" width=\"62\" height=\"50\" src=\"https:\/\/zenimaquinas.com\/wp-content\/uploads\/2024\/07\/team-2715_cef8922e-7aa0-4ddd-96a7-34fde8bdc608.png\" class=\"attachment-thumbnail size-thumbnail\" alt=\"\" \/>\t\t\t<h3 class=\"wd-count-up__counter small-heading\" data-file=\"20\" style = 'color: #ffffff'>\r\n\t\t20\t<\/h3>\r\n\t<h4 class=\"wd-count-up__title small-heading\" style = 'color: #ffffff'>Anos com experi\u00eancia em servi\u00e7os<\/h4>\r\n<\/div>\r\n<div class='wd_empty_space' data-heightmobile='60' data-heighttablet='60' data-heightdesktop='75'\r\n \t\t\t\t\t\tstyle='height:75px' ><\/div><div class=\"wd-heading text-left  \" style=\"max-width: 100%\" >\r\n\t\r\n\t\t\r\n\t\t<h2 style=\"margin:0;\" class=\"title_a\" data-text=\"SUPORTE\">\r\n\t\tCONTATE-NOS\t\t<\/h2>\r\n\r\n\t\t\t\t\t\t\t<p style=\"\" class=\"sub_title_a\">\r\n\t\t\tSUPORTE\t\t\t<\/p>\r\n\t\t\t\t<hr class='hr_a' style=' margin: 10px;'\/>\r\n\t\t<\/div>\r\n\t<div class='wd_empty_space' data-heightmobile='60' data-heighttablet='60' data-heightdesktop='60'\r\n\t\tstyle='height:60px' ><\/div>\n<div class=\"wpcf7 no-js\" id=\"wpcf7-f5264-o1\" lang=\"en-US\" dir=\"ltr\" data-wpcf7-id=\"5264\">\n<div class=\"screen-reader-response\"><p role=\"status\" aria-live=\"polite\" aria-atomic=\"true\"><\/p> <ul><\/ul><\/div>\n<form action=\"\/index.php\/wp-json\/wp\/v2\/pages\/636#wpcf7-f5264-o1\" method=\"post\" class=\"wpcf7-form init\" aria-label=\"Contact form\" novalidate=\"novalidate\" data-status=\"init\">\n<div style=\"display: none;\">\n<input type=\"hidden\" name=\"_wpcf7\" value=\"5264\" \/>\n<input type=\"hidden\" name=\"_wpcf7_version\" value=\"6.0.3\" \/>\n<input type=\"hidden\" name=\"_wpcf7_locale\" value=\"en_US\" \/>\n<input type=\"hidden\" name=\"_wpcf7_unit_tag\" value=\"wpcf7-f5264-o1\" \/>\n<input type=\"hidden\" name=\"_wpcf7_container_post\" value=\"0\" \/>\n<input type=\"hidden\" name=\"_wpcf7_posted_data_hash\" value=\"\" \/>\n<\/div>\n<div class=\"contact_style_3\">\n\t<div class=\"large-12 small-12 columns\">\n\t\t<p><span class=\"wpcf7-form-control-wrap\" data-name=\"your-email\"><input size=\"40\" maxlength=\"400\" class=\"wpcf7-form-control wpcf7-email wpcf7-text wpcf7-validates-as-email\" aria-invalid=\"false\" placeholder=\"Seu e-mail\" value=\"\" type=\"email\" name=\"your-email\" \/><\/span>\n\t\t<\/p>\n\t<\/div>\n\t<div class=\"large-6 small-12 columns\">\n\t\t<p><span class=\"wpcf7-form-control-wrap\" data-name=\"your-name\"><input size=\"40\" maxlength=\"400\" class=\"wpcf7-form-control wpcf7-text\" aria-invalid=\"false\" placeholder=\"Seu nome\" value=\"\" type=\"text\" name=\"your-name\" \/><\/span>\n\t\t<\/p>\n\t<\/div>\n\t<div class=\"large-6 small-12 columns\">\n\t\t<p><span class=\"wpcf7-form-control-wrap\" data-name=\"your-phone\"><input size=\"40\" maxlength=\"400\" class=\"wpcf7-form-control wpcf7-text\" aria-invalid=\"false\" placeholder=\"Celular\" value=\"\" type=\"text\" name=\"your-phone\" \/><\/span>\n\t\t<\/p>\n\t<\/div>\n\t<div class=\"large-12 small-12 columns\">\n\t\t<p><span class=\"wpcf7-form-control-wrap\" data-name=\"your-message\"><textarea cols=\"40\" rows=\"10\" maxlength=\"2000\" class=\"wpcf7-form-control wpcf7-textarea\" aria-invalid=\"false\" placeholder=\"Deixe sua mensagem\" name=\"your-message\"><\/textarea><\/span><br \/>\n<span class=\"wd-btn btn-solid btn-color-1 hover-color-1 btn-medium btn-round  icon-after\"><input class=\"wpcf7-form-control wpcf7-submit has-spinner\" type=\"submit\" value=\"Enviar\" \/><\/span>\n\t\t<\/p>\n\t<\/div>\n<\/div><div class=\"wpcf7-response-output\" aria-hidden=\"true\"><\/div>\n<\/form>\n<\/div>\n","protected":false},"excerpt":{"rendered":"<p>Na Zeni Tratores e Empilhadeiras somos especialistas na loca\u00e7\u00e3o de m\u00e1quinas industriais, como empilhadeiras, tratores, rebocadores e lavadoras de piso al\u00e9m de oferecer servi\u00e7os completos de manuten\u00e7\u00e3o. Nosso compromisso \u00e9 fornecer solu\u00e7\u00f5es eficientes e seguras para atender \u00e0s necessidades espec\u00edficas do seu neg\u00f3cio. &nbsp; Com uma ampla variedade de equipamentos e uma equipe t\u00e9cnica altamente [&hellip;]<\/p>\n","protected":false},"author":1,"featured_media":5724,"parent":0,"menu_order":0,"comment_status":"closed","ping_status":"closed","template":"","meta":{"inline_featured_image":false,"footnotes":""},"class_list":["post-636","page","type-page","status-publish","has-post-thumbnail","hentry"],"jetpack_sharing_enabled":true,"_links":{"self":[{"href":"https:\/\/zenimaquinas.com\/index.php\/wp-json\/wp\/v2\/pages\/636","targetHints":{"allow":["GET"]}}],"collection":[{"href":"https:\/\/zenimaquinas.com\/index.php\/wp-json\/wp\/v2\/pages"}],"about":[{"href":"https:\/\/zenimaquinas.com\/index.php\/wp-json\/wp\/v2\/types\/page"}],"author":[{"embeddable":true,"href":"https:\/\/zenimaquinas.com\/index.php\/wp-json\/wp\/v2\/users\/1"}],"replies":[{"embeddable":true,"href":"https:\/\/zenimaquinas.com\/index.php\/wp-json\/wp\/v2\/comments?post=636"}],"version-history":[{"count":49,"href":"https:\/\/zenimaquinas.com\/index.php\/wp-json\/wp\/v2\/pages\/636\/revisions"}],"predecessor-version":[{"id":5960,"href":"https:\/\/zenimaquinas.com\/index.php\/wp-json\/wp\/v2\/pages\/636\/revisions\/5960"}],"wp:featuredmedia":[{"embeddable":true,"href":"https:\/\/zenimaquinas.com\/index.php\/wp-json\/wp\/v2\/media\/5724"}],"wp:attachment":[{"href":"https:\/\/zenimaquinas.com\/index.php\/wp-json\/wp\/v2\/media?parent=636"}],"curies":[{"name":"wp","href":"https:\/\/api.w.org\/{rel}","templated":true}]}}