{"id":5890,"date":"2025-01-07T19:05:52","date_gmt":"2025-01-07T22:05:52","guid":{"rendered":"https:\/\/zenimaquinas.com\/?post_type=product&#038;p=5890"},"modified":"2025-02-04T17:27:31","modified_gmt":"2025-02-04T20:27:31","slug":"empilhadeira-eletrica-35t-hangcha-bateria-litio","status":"publish","type":"product","link":"https:\/\/zenimaquinas.com\/index.php\/produto\/empilhadeira-eletrica-35t-hangcha-bateria-litio\/","title":{"rendered":"Empilhadeira El\u00e9trica 3,5T Hangcha Bateria L\u00edtio"},"content":{"rendered":"<h3><strong><b>Caracter\u00edsticas<\/b><\/strong><\/h3>\n<ul>\n<li><b><\/b><strong><b>Tipo de Eleva\u00e7\u00e3o<\/b><\/strong>: Torre de eleva\u00e7\u00e3o triplex com capacidade de at\u00e9 5 metros.<\/li>\n<li><b><\/b><strong><b>Peso Suportado<\/b><\/strong>: Suporta cargas de at\u00e9 3,5 toneladas.<\/li>\n<li><b><\/b><strong><b>Motor e Bateria<\/b><\/strong>: Motor de corrente alternada e bateria de \u00edon-l\u00edtio de 76,8V\/460AH.<\/li>\n<li><b><\/b><strong><b>Autonomia<\/b><\/strong>: Aproximadamente 9 horas de opera\u00e7\u00e3o cont\u00ednua com uma carga de bateria.<\/li>\n<li><b><\/b><strong><b>Tempo de Carregamento<\/b><\/strong>: Carrega completamente em at\u00e9 2 horas, com carregador trif\u00e1sico de 380V incluso.<\/li>\n<li><b><\/b><strong><b>Recursos Operacionais<\/b><\/strong>: Sensor de presen\u00e7a no assento, controle de tra\u00e7\u00e3o, e reaproveitamento de energia durante as opera\u00e7\u00f5es.<\/li>\n<li><b><\/b><strong><b>Conforto e Ergonomia<\/b><\/strong>: Inclui banco ajust\u00e1vel e anat\u00f4mico, coluna de dire\u00e7\u00e3o regul\u00e1vel, al\u00e9m de um painel com visor LCD e retrovisores panor\u00e2micos.<\/li>\n<li><b><\/b><strong><b>Seguran\u00e7a<\/b><\/strong>: Oferece frenagem regenerativa, freio de corrente reversa e controle de velocidade em declives.<\/li>\n<\/ul>\n<h3><strong><b>Especifica\u00e7\u00f5es T\u00e9cnicas<\/b><\/strong><\/h3>\n<ul>\n<li><b><\/b><strong><b>Consumo Energ\u00e9tico<\/b><\/strong>: M\u00e9dia de 2,49 kW\/h.<\/li>\n<li><b><\/b><strong><b>N\u00edvel de Ru\u00eddo<\/b><\/strong>: M\u00e1ximo de 74 dB.<\/li>\n<li><b><\/b><strong><b>Aplica\u00e7\u00e3o<\/b><\/strong>: Indicada para uso interno e externo em opera\u00e7\u00f5es que exigem baixo n\u00edvel de ru\u00eddo e zero emiss\u00f5es de gases.<\/li>\n<\/ul>\n","protected":false},"excerpt":{"rendered":"<p>Caracter\u00edsticas Tipo de Eleva\u00e7\u00e3o: Torre de eleva\u00e7\u00e3o triplex com capacidade de at\u00e9 5 metros. Peso Suportado: Suporta cargas de at\u00e9 3,5 toneladas. Motor e Bateria: Motor de corrente alternada e bateria de \u00edon-l\u00edtio de 76,8V\/460AH. Autonomia: Aproximadamente 9 horas de opera\u00e7\u00e3o cont\u00ednua com uma carga de bateria. Tempo de Carregamento: Carrega completamente em at\u00e9 2 [&hellip;]<\/p>\n","protected":false},"featured_media":5884,"comment_status":"open","ping_status":"closed","template":"","meta":{"inline_featured_image":false},"product_brand":[],"product_cat":[68],"product_tag":[],"class_list":{"0":"post-5890","1":"product","2":"type-product","3":"status-publish","4":"has-post-thumbnail","6":"product_cat-compras","8":"first","9":"instock","10":"shipping-taxable","11":"product-type-simple"},"jetpack_sharing_enabled":true,"_links":{"self":[{"href":"https:\/\/zenimaquinas.com\/index.php\/wp-json\/wp\/v2\/product\/5890","targetHints":{"allow":["GET"]}}],"collection":[{"href":"https:\/\/zenimaquinas.com\/index.php\/wp-json\/wp\/v2\/product"}],"about":[{"href":"https:\/\/zenimaquinas.com\/index.php\/wp-json\/wp\/v2\/types\/product"}],"replies":[{"embeddable":true,"href":"https:\/\/zenimaquinas.com\/index.php\/wp-json\/wp\/v2\/comments?post=5890"}],"wp:featuredmedia":[{"embeddable":true,"href":"https:\/\/zenimaquinas.com\/index.php\/wp-json\/wp\/v2\/media\/5884"}],"wp:attachment":[{"href":"https:\/\/zenimaquinas.com\/index.php\/wp-json\/wp\/v2\/media?parent=5890"}],"wp:term":[{"taxonomy":"product_brand","embeddable":true,"href":"https:\/\/zenimaquinas.com\/index.php\/wp-json\/wp\/v2\/product_brand?post=5890"},{"taxonomy":"product_cat","embeddable":true,"href":"https:\/\/zenimaquinas.com\/index.php\/wp-json\/wp\/v2\/product_cat?post=5890"},{"taxonomy":"product_tag","embeddable":true,"href":"https:\/\/zenimaquinas.com\/index.php\/wp-json\/wp\/v2\/product_tag?post=5890"}],"curies":[{"name":"wp","href":"https:\/\/api.w.org\/{rel}","templated":true}]}}