{"id":5946,"date":"2025-02-04T17:29:44","date_gmt":"2025-02-04T20:29:44","guid":{"rendered":"https:\/\/zenimaquinas.com\/?post_type=product&#038;p=5946"},"modified":"2025-02-04T17:31:48","modified_gmt":"2025-02-04T20:31:48","slug":"pneus-pneumaticos-para-empilhadeiras","status":"publish","type":"product","link":"https:\/\/zenimaquinas.com\/index.php\/produto\/pneus-pneumaticos-para-empilhadeiras\/","title":{"rendered":"Pneus Pneum\u00e1ticos para Empilhadeiras"},"content":{"rendered":"<p>&#8211; PNEU 3 TURNOS 7.00-12 PNEUM\u00c1TICO<\/p>\n<p>&#8211; PNEU 28.9-15 PNEUM\u00c1TICO<\/p>\n<p>&#8211; PNEU 3 TURNOS 6.50-10 PNEUM\u00c1TICO<\/p>\n<p>&#8211; PNEU 3 TURNOS 6.00-9 PNEUM\u00c1TICO<\/p>\n","protected":false},"excerpt":{"rendered":"<p>&#8211; PNEU 3 TURNOS 7.00-12 PNEUM\u00c1TICO &#8211; PNEU 28.9-15 PNEUM\u00c1TICO &#8211; PNEU 3 TURNOS 6.50-10 PNEUM\u00c1TICO &#8211; PNEU 3 TURNOS 6.00-9 PNEUM\u00c1TICO<\/p>\n","protected":false},"featured_media":5943,"comment_status":"open","ping_status":"closed","template":"","meta":{"inline_featured_image":false},"product_brand":[],"product_cat":[86],"product_tag":[],"class_list":{"0":"post-5946","1":"product","2":"type-product","3":"status-publish","4":"has-post-thumbnail","6":"product_cat-pneus","8":"first","9":"instock","10":"shipping-taxable","11":"product-type-simple"},"jetpack_sharing_enabled":true,"_links":{"self":[{"href":"https:\/\/zenimaquinas.com\/index.php\/wp-json\/wp\/v2\/product\/5946","targetHints":{"allow":["GET"]}}],"collection":[{"href":"https:\/\/zenimaquinas.com\/index.php\/wp-json\/wp\/v2\/product"}],"about":[{"href":"https:\/\/zenimaquinas.com\/index.php\/wp-json\/wp\/v2\/types\/product"}],"replies":[{"embeddable":true,"href":"https:\/\/zenimaquinas.com\/index.php\/wp-json\/wp\/v2\/comments?post=5946"}],"wp:featuredmedia":[{"embeddable":true,"href":"https:\/\/zenimaquinas.com\/index.php\/wp-json\/wp\/v2\/media\/5943"}],"wp:attachment":[{"href":"https:\/\/zenimaquinas.com\/index.php\/wp-json\/wp\/v2\/media?parent=5946"}],"wp:term":[{"taxonomy":"product_brand","embeddable":true,"href":"https:\/\/zenimaquinas.com\/index.php\/wp-json\/wp\/v2\/product_brand?post=5946"},{"taxonomy":"product_cat","embeddable":true,"href":"https:\/\/zenimaquinas.com\/index.php\/wp-json\/wp\/v2\/product_cat?post=5946"},{"taxonomy":"product_tag","embeddable":true,"href":"https:\/\/zenimaquinas.com\/index.php\/wp-json\/wp\/v2\/product_tag?post=5946"}],"curies":[{"name":"wp","href":"https:\/\/api.w.org\/{rel}","templated":true}]}}